21150
In base 10, what is -5 - 21993682?
-21993687
In base 8, what is -222517 - -1?
-222516
In base 5, what is 13 + -1244204211?
-1244204143
In base 13, what is -cac + -45468?
-46447
In base 2, what is -101011001000 + -10110101110000?
-11100000111000
In base 12, what is 37418 - 13a?
3729a
In base 9, what is 16 - -8563?
8580
In base 7, what is 10351606 + -116?
10351460
In base 16, what is -3a - 50b6?
-50f0
In base 4, what is 113 + 2233300013?
2233300132
In base 13, what is 1bc566 - -844?
1c00aa
In base 7, what is -4 + -1316342211?
-1316342215
In base 3, what is 112120011120221 + 1?
112120011120222
In base 4, what is 11120312033 + 121?
11120312220
In base 3, what is 220221 - 201121112?
-200200121
In base 9, what is -1005 + -140603?
-141608
In base 4, what is 1100 + -2313101132?
-2313100032
In base 14, what is -14b - -190b4c?
190a01
In base 15, what is 3 + -411d07?
-411d04
In base 2, what is -1010011 + 10011011001010111?
10011011000000100
In base 12, what is 3037873 - 4?
303786b
In base 16, what is 4a + a42c7?
a4311
In base 4, what is -3 - 2210312222?
-2210312231
In base 13, what is -7 - 71907a8?
-71907b2
In base 13, what is 3 + -572462a3?
-572462a0
In base 16, what is 82ed + bc0?
8ead
In base 16, what is 3c8 - -1c1df?
1c5a7
In base 16, what is 1b46b - -9?
1b474
In base 10, what is -51 + 6650485?
6650434
In base 16, what is 3f6bdf + 5?
3f6be4
In base 5, what is 1211414 - -40202?
1302121
In base 2, what is -11110 + -1010011101110001011001000?
-1010011101110001011100110
In base 15, what is -d8d7255 + 4?
-d8d7251
In base 14, what is -165a5 + -1b0?
-16775
In base 14, what is -19d1b0d - 3?
-19d1b12
In base 12, what is -322274 - a?
-322282
In base 16, what is -1d + -26a7f?
-26a9c
In base 9, what is 1253138 + -6?
1253132
In base 9, what is -10732875 + 3?
-10732872
In base 7, what is 161325463 - 1?
161325462
In base 12, what is 3baa91 + -10?
3baa81
In base 12, what is -14127672 + 3?
-1412766b
In base 11, what is -6049468 + 3?
-6049465
In base 2, what is 10011101 + -100000110101110101110?
-100000110101100010001
In base 14, what is -d2388 + 1?
-d2387
In base 11, what is 9a44 - -368?
a301
In base 4, what is -132000232101321 + -2?
-132000232101323
In base 3, what is 1110022011012 + -2?
1110022011010
In base 14, what is 3b172ac3 + 5?
3b172ac8
In base 9, what is 2 + 14612071?
14612073
In base 5, what is 240 - -13414200?
13414440
In base 13, what is -6 - -7a2a65?
7a2a5c
In base 16, what is 2afa + 158?
2c52
In base 4, what is -200001 - -20030331?
13230330
In base 4, what is 1203102123 + 10202?
1203112331
In base 4, what is 201 - 231321021031?
-231321020230
In base 2, what is -100110010001100000001000 - 100?
-100110010001100000001100
In base 12, what is 23b768 + 116?
23b882
In base 12, what is -79 - 561633?
-5616b0
In base 16, what is -29 + 1d82d?
1d804
In base 12, what is -7 + -671a705?
-671a710
In base 5, what is -3 - 104413134314?
-104413134322
In base 7, what is -304463 - -353?
-304110
In base 16, what is -165 + -22ce?
-2433
In base 9, what is 3 - -11371167?
11371171
In base 8, what is -57330 - -26312?
-31016
In base 7, what is -5 - 1125254?
-1125262
In base 14, what is 5 + -2bd879d?
-2bd8798
In base 9, what is -420712 + -11?
-420723
In base 5, what is 10103133 + 1100?
10104233
In base 5, what is -10324020303 + 203?
-10324020100
In base 12, what is 1 + 4653143?
4653144
In base 14, what is -26c795 + a?
-26c789
In base 4, what is -3100321011 + 130?
-3100320221
In base 6, what is -1135224 - -300?
-1134524
In base 3, what is -10121111101001111 - 11?
-10121111101001122
In base 6, what is -4221535025 - 2?
-4221535031
In base 2, what is -11000111111100001100001 + -100011?
-11000111111100010000100
In base 10, what is 158 + -116428?
-116270
In base 9, what is -3504 + 10072?
5467
In base 7, what is -631146 - 260?
-631436
In base 7, what is 145042404 - 15?
145042356
In base 4, what is -222 - 1203013222?
-1203020110
In base 14, what is 5 - -2288c7c?
2288c83
In base 9, what is -5772 + -51457?
-57340
In base 4, what is -1210231312 + -3?
-1210231321
In base 5, what is 31 + 3021020222?
3021020303
In base 6, what is -2140551204 - 3?
-2140551211
In base 2, what is -1110111100000010110001 - -100010011?
-1110111011111110011110
In base 13, what is -63 + 420c12?
420b7c
In base 10, what is 250246 + -4?
250242
In base 14, what is 18a8a5 - 46?
18a85d
In base 5, what is -20340001 - -301?
-20334200
In base 13, what is 91a446 - -2?
91a448
In base 5, what is -141420033 - 4143?
-141424231
In base 16, what is -31dff5 - 4?
-31dff9
In base 14, what is -645 - -35758?
35113
In base 5, what is -20 - -13444022323?
13444022303
In base 14, what is -36b + -366?
-6d3
In base 16, what is a5bd3 + -10?
a5bc3
In base 12, what is -15 - -1b20a1?
1b2088
In base 2, what is 1010 - 101010110111110101?
-101010110111101011
In base 5, what is 12423403 + -30244?
12343104
In base 7, what is 4 - -133604031?
133604035
In base 3, what is 210 - -20120112100222?
20120112101202
In base 8, what is 5 - -400501060?
400501065
In base 6, what is -35443 + -5540?
-45423
In base 8, what is -3473756 - -137?
-3473617
In base 13, what is aa + 4767c?
47759
In base 11, what is 635 + -116656?
-116021
In base 14, what is -25 + -32962?
-32987
In base 11, what is 12 - a909956?
-a909944
In base 11, what is -233847 + -7?
-233853
In base 12, what is -391783 - 2?
-391785
In base 5, what is -13343303121 + 44?
-13343303022
In base 12, what is -1959297 + 6?
-1959291
In base 11, what is 149 + -281916?
-281778
In base 15, what is 6b6 - -237?
8ed
In base 7, what is -1464040563 - 5?
-1464040601
In base 7, what is 213 - -2142332?
2142545
In base 3, what is -202210012110200220 + 0?
-202210012110200220
In base 16, what is -2b + f84728?
f846fd
In base 10, what is 39112 - 1372?
37740
In base 13, what is -2640 + -c94?
-3604
In base 7, what is -325252 - -40245?
-255004
In base 10, what is 2906108 - -2?
2906110
In base 16, what is 22c3 + -134?
218f
In base 4, what is 1022 - 2111231230?
-2111230202
In base 9, what is 356223 + 46?
356270
In base 2, what is -100111000010110110011 + 10011110?
-100111000010100010101
In base 12, what is 1b - -13735b?
13737a
In base 3, what is -21221 - 1222001211010?
-1222002010001
In base 15, what is 6e7 - -40ca7?
4149e
In base 13, what is 3181a26 - -2?
3181a28
In base 12, what is 2 - 1856298?
-1856296
In base 6, what is 1244332103 + 4?
1244332111
In base 10, what is -742757 + -43?
-742800
In base 16, what is -4 - -59e85d3?
59e85cf
In base 4, what is -2232322123 + -12?
-2232322201
In base 13, what is -c7b5bc - 9?
-c7b5c8
In base 8, what is -4 - 76234246?
-76234252
In base 4, what is 1002 + -20303201031?
-20303200023
In base 9, what is -154057 - -250?
-153707
In base 2, what is 10110011010100100010010 + 1110?
10110011010100100100000
In base 5, what is -34311113 - -13?
-34311100
In base 16, what is -116 - 5f4cd?
-5f5e3
In base 13, what is -7718320 - 2?
-7718322
In base 13, what is 0 - 1480463?
-1480463
In base 15, what is ab4ce13 - 3?
ab4ce10
In base 15, what is -122 - -64c7?
63a5
In base 8, what is 20 + 76033641?
76033661
In base 10, what is -27264 + -304?
-27568
In base 3, what is -11011221221222101 + -1?
-11011221221222102
In base 7, what is -52464562 + 463?
-52464066
In base 3, what is 11012220021 + 200202?
11020121000
In base 11, what is 213387 - -136?
213512
In base 14, what is a0ad3 - -39?
a0b2c
In base 2, what is -101111 + -1010101100111011011111101?
-1010101100111011100101100
In base 3, what is 111102000 + -110211201?
120022
In base 14, what is 20dd3 - -7cd?
217c2
In base 13, what is 1577704 - 3?
1577701
In base 10, what is -635 - -441407?
440772
In base 15, what is 4 - 2b8a3b?
-2b8a37
In base 13, what is -37188 - -25?
-37163
In base 3, what is 111002202 + 11200212?
122210121
In base 11, what is 150092 - 194?
14a9a9
In base 11, what is 19 + 28720923?
28720941
In base 16, what is 143d + 182?
15bf
In base 8, what is 2627752 + -356?
2627374
In base 11, what is -164 - -398116?
397a62
In base 13, what is 252 - 3300ac?
-32cb5a
In base 9, what is -36 + -2554470?
-2554516
In base 7, what is -64 + -11150?
-11244
In base 16, what is ff + 82e5?
83e4
In base 3, what is -12221220 + 1201220?
-11020000
In base 5, what is -221314023 - -10?
-221314013
In base 13, what is 7 + -40b942?
-40b938
In base 5, what is -1001434 + -10341?
-10